{"id":884228,"date":"2024-12-09T19:48:20","date_gmt":"2024-12-09T18:48:20","guid":{"rendered":"https:\/\/www.slt.vr.it\/?page_id=884228"},"modified":"2026-02-06T16:31:17","modified_gmt":"2026-02-06T15:31:17","slug":"pietro-manni","status":"publish","type":"page","link":"https:\/\/www.slt.vr.it\/de\/fachleute\/pietro-manni\/","title":{"rendered":"Pietro Manni"},"content":{"rendered":"<div  class='flex_column av-66enmarm-d389af27c24895568b4ca095067eb3ff av_one_half  avia-builder-el-0  el_before_av_one_half  avia-builder-el-first  first flex_column_div  '     ><style type=\"text\/css\" data-created_by=\"avia_inline_auto\" id=\"style-css-av-kp112ngr-906b776930ef224872ee1ce89be3d520\">\n.avia-image-container.av-kp112ngr-906b776930ef224872ee1ce89be3d520 img.avia_image{\nbox-shadow:none;\n}\n.avia-image-container.av-kp112ngr-906b776930ef224872ee1ce89be3d520 .av-image-caption-overlay-center{\ncolor:#ffffff;\n}\n<\/style>\n<div  class='avia-image-container av-kp112ngr-906b776930ef224872ee1ce89be3d520 av-styling- avia-align-center  avia-builder-el-1  avia-builder-el-no-sibling '   itemprop=\"image\" itemscope=\"itemscope\" itemtype=\"https:\/\/schema.org\/ImageObject\" ><div class=\"avia-image-container-inner\"><div class=\"avia-image-overlay-wrap\"><img decoding=\"async\" fetchpriority=\"high\" class='wp-image-884210 avia-img-lazy-loading-not-884210 avia_image ' src=\"https:\/\/www.slt.vr.it\/wp-content\/uploads\/2024\/12\/Pietro-Manni.jpg\" alt='Pietro Manni' title='Pietro Manni'  height=\"1500\" width=\"1000\"  itemprop=\"thumbnailUrl\" srcset=\"https:\/\/www.slt.vr.it\/wp-content\/uploads\/2024\/12\/Pietro-Manni.jpg 1000w, https:\/\/www.slt.vr.it\/wp-content\/uploads\/2024\/12\/Pietro-Manni-200x300.jpg 200w, https:\/\/www.slt.vr.it\/wp-content\/uploads\/2024\/12\/Pietro-Manni-687x1030.jpg 687w, https:\/\/www.slt.vr.it\/wp-content\/uploads\/2024\/12\/Pietro-Manni-768x1152.jpg 768w, https:\/\/www.slt.vr.it\/wp-content\/uploads\/2024\/12\/Pietro-Manni-470x705.jpg 470w\" sizes=\"(max-width: 1000px) 100vw, 1000px\" \/><\/div><\/div><\/div><\/div>\n<div  class='flex_column av-5joigigy-53720a8da8cd3bc5e4e995a412567cda av_one_half  avia-builder-el-2  el_after_av_one_half  avia-builder-el-last  flex_column_div  '     ><p>\n<style type=\"text\/css\" data-created_by=\"avia_inline_auto\" id=\"style-css-av-h6pgx4y-ea4151fb7d60429124b6e99e5ccb541a\">\n#top .av-special-heading.av-h6pgx4y-ea4151fb7d60429124b6e99e5ccb541a{\npadding-bottom:10px;\n}\nbody .av-special-heading.av-h6pgx4y-ea4151fb7d60429124b6e99e5ccb541a .av-special-heading-tag .heading-char{\nfont-size:25px;\n}\n.av-special-heading.av-h6pgx4y-ea4151fb7d60429124b6e99e5ccb541a .av-subheading{\nfont-size:10px;\n}\n<\/style>\n<div  class='av-special-heading av-h6pgx4y-ea4151fb7d60429124b6e99e5ccb541a av-special-heading-h3 meta-heading blockquote modern-quote  avia-builder-el-3  el_before_av_textblock  avia-builder-el-first  av-linked-heading'><h3 class='av-special-heading-tag'  itemprop=\"headline\"  >Pietro Manni<\/h3><div class='av-subheading av-subheading_below'><p>Corporate Manager<\/p>\n<\/div><div class=\"special-heading-border\"><div class=\"special-heading-inner-border\"><\/div><\/div><\/div><br \/>\n<section  class='av_textblock_section av-5clglj42-711430c97df5cc584a6eb708792be883 '   itemscope=\"itemscope\" itemtype=\"https:\/\/schema.org\/CreativeWork\" ><div class='avia_textblock'  itemprop=\"text\" ><p>Absolvent der Wirtschaftswissenschaften, Pietro Manni hat umfassende nationale und internationale Erfahrung in der Unternehmensreorganisation und Effizienzsteigerung sowie in Innovation und Digitalisierung gesammelt.<\/p>\n<p>Nach einer langj\u00e4hrigen T\u00e4tigkeit bei einer f\u00fchrenden Beratungsgesellschaft bietet er in den letzten Jahren seine Expertise als Management- und Unternehmensberater an, um Unternehmen bei ihrem Wachstums-, Sanierungs- und Neustartsprozess zu unterst\u00fctzen und zu beschleunigen.<\/p>\n<p>Er hat zudem Erfahrung in der Entwicklung von Nachhaltigkeitspolitiken und -berichterstattung gesammelt und ist Mitglied des ESG-Teams von SLT, das von Ingenieur Michele Ceradini koordiniert wird.<\/p>\n<h4><\/h4>\n<\/div><\/section><\/p><\/div>\n","protected":false},"excerpt":{"rendered":"","protected":false},"author":54,"featured_media":0,"parent":862131,"menu_order":0,"comment_status":"open","ping_status":"open","template":"","meta":{"footnotes":"","iawp_total_views":3},"yoast_head":"<!-- This site is optimized with the Yoast SEO plugin v22.3 - https:\/\/yoast.com\/wordpress\/plugins\/seo\/ -->\n<title>Pietro Manni - SLT Strategy Legal Tax<\/title>\n<meta name=\"description\" content=\"Pietro Manni spezialisiert sich auf Nachhaltigkeitsberichterstattung und ist Mitglied des ESG-Teams von SLT.\" \/>\n<meta name=\"robots\" content=\"index, follow, max-snippet:-1, max-image-preview:large, max-video-preview:-1\" \/>\n<link rel=\"canonical\" href=\"https:\/\/www.slt.vr.it\/de\/fachleute\/pietro-manni\/\" \/>\n<meta property=\"og:locale\" content=\"de_DE\" \/>\n<meta property=\"og:type\" content=\"article\" \/>\n<meta property=\"og:title\" content=\"Pietro Manni - SLT Strategy Legal Tax\" \/>\n<meta property=\"og:description\" content=\"Pietro Manni spezialisiert sich auf Nachhaltigkeitsberichterstattung und ist Mitglied des ESG-Teams von SLT.\" \/>\n<meta property=\"og:url\" content=\"https:\/\/www.slt.vr.it\/de\/fachleute\/pietro-manni\/\" \/>\n<meta property=\"og:site_name\" content=\"SLT Strategy Legal Tax\" \/>\n<meta property=\"article:modified_time\" content=\"2026-02-06T15:31:17+00:00\" \/>\n<meta name=\"twitter:card\" content=\"summary_large_image\" \/>\n<meta name=\"twitter:label1\" content=\"Gesch\u00e4tzte Lesezeit\" \/>\n\t<meta name=\"twitter:data1\" content=\"1\u00a0Minute\" \/>\n<script type=\"application\/ld+json\" class=\"yoast-schema-graph\">{\"@context\":\"https:\/\/schema.org\",\"@graph\":[{\"@type\":\"WebPage\",\"@id\":\"https:\/\/www.slt.vr.it\/de\/fachleute\/pietro-manni\/\",\"url\":\"https:\/\/www.slt.vr.it\/de\/fachleute\/pietro-manni\/\",\"name\":\"Pietro Manni - SLT Strategy Legal Tax\",\"isPartOf\":{\"@id\":\"https:\/\/www.slt.vr.it\/de\/#website\"},\"datePublished\":\"2024-12-09T18:48:20+00:00\",\"dateModified\":\"2026-02-06T15:31:17+00:00\",\"description\":\"Pietro Manni spezialisiert sich auf Nachhaltigkeitsberichterstattung und ist Mitglied des ESG-Teams von SLT.\",\"breadcrumb\":{\"@id\":\"https:\/\/www.slt.vr.it\/de\/fachleute\/pietro-manni\/#breadcrumb\"},\"inLanguage\":\"de\",\"potentialAction\":[{\"@type\":\"ReadAction\",\"target\":[\"https:\/\/www.slt.vr.it\/de\/fachleute\/pietro-manni\/\"]}]},{\"@type\":\"BreadcrumbList\",\"@id\":\"https:\/\/www.slt.vr.it\/de\/fachleute\/pietro-manni\/#breadcrumb\",\"itemListElement\":[{\"@type\":\"ListItem\",\"position\":1,\"name\":\"Home\",\"item\":\"https:\/\/www.slt.vr.it\/de\/\"},{\"@type\":\"ListItem\",\"position\":2,\"name\":\"Fachleute\",\"item\":\"https:\/\/www.slt.vr.it\/de\/fachleute\/\"},{\"@type\":\"ListItem\",\"position\":3,\"name\":\"Pietro Manni\"}]},{\"@type\":\"WebSite\",\"@id\":\"https:\/\/www.slt.vr.it\/de\/#website\",\"url\":\"https:\/\/www.slt.vr.it\/de\/\",\"name\":\"SLT Strategy Legal Tax\",\"description\":\"\",\"publisher\":{\"@id\":\"https:\/\/www.slt.vr.it\/de\/#organization\"},\"potentialAction\":[{\"@type\":\"SearchAction\",\"target\":{\"@type\":\"EntryPoint\",\"urlTemplate\":\"https:\/\/www.slt.vr.it\/de\/?s={search_term_string}\"},\"query-input\":\"required name=search_term_string\"}],\"inLanguage\":\"de\"},{\"@type\":\"Organization\",\"@id\":\"https:\/\/www.slt.vr.it\/de\/#organization\",\"name\":\"SLT Strategy Legal Tax\",\"url\":\"https:\/\/www.slt.vr.it\/de\/\",\"logo\":{\"@type\":\"ImageObject\",\"inLanguage\":\"de\",\"@id\":\"https:\/\/www.slt.vr.it\/de\/#\/schema\/logo\/image\/\",\"url\":\"https:\/\/www.slt.vr.it\/wp-content\/uploads\/2015\/10\/SLT-Strategy-Legal-Tax.jpg\",\"contentUrl\":\"https:\/\/www.slt.vr.it\/wp-content\/uploads\/2015\/10\/SLT-Strategy-Legal-Tax.jpg\",\"width\":372,\"height\":336,\"caption\":\"SLT Strategy Legal Tax\"},\"image\":{\"@id\":\"https:\/\/www.slt.vr.it\/de\/#\/schema\/logo\/image\/\"}}]}<\/script>\n<!-- \/ Yoast SEO plugin. -->","yoast_head_json":{"title":"Pietro Manni - SLT Strategy Legal Tax","description":"Pietro Manni spezialisiert sich auf Nachhaltigkeitsberichterstattung und ist Mitglied des ESG-Teams von SLT.","robots":{"index":"index","follow":"follow","max-snippet":"max-snippet:-1","max-image-preview":"max-image-preview:large","max-video-preview":"max-video-preview:-1"},"canonical":"https:\/\/www.slt.vr.it\/de\/fachleute\/pietro-manni\/","og_locale":"de_DE","og_type":"article","og_title":"Pietro Manni - SLT Strategy Legal Tax","og_description":"Pietro Manni spezialisiert sich auf Nachhaltigkeitsberichterstattung und ist Mitglied des ESG-Teams von SLT.","og_url":"https:\/\/www.slt.vr.it\/de\/fachleute\/pietro-manni\/","og_site_name":"SLT Strategy Legal Tax","article_modified_time":"2026-02-06T15:31:17+00:00","twitter_card":"summary_large_image","twitter_misc":{"Gesch\u00e4tzte Lesezeit":"1\u00a0Minute"},"schema":{"@context":"https:\/\/schema.org","@graph":[{"@type":"WebPage","@id":"https:\/\/www.slt.vr.it\/de\/fachleute\/pietro-manni\/","url":"https:\/\/www.slt.vr.it\/de\/fachleute\/pietro-manni\/","name":"Pietro Manni - SLT Strategy Legal Tax","isPartOf":{"@id":"https:\/\/www.slt.vr.it\/de\/#website"},"datePublished":"2024-12-09T18:48:20+00:00","dateModified":"2026-02-06T15:31:17+00:00","description":"Pietro Manni spezialisiert sich auf Nachhaltigkeitsberichterstattung und ist Mitglied des ESG-Teams von SLT.","breadcrumb":{"@id":"https:\/\/www.slt.vr.it\/de\/fachleute\/pietro-manni\/#breadcrumb"},"inLanguage":"de","potentialAction":[{"@type":"ReadAction","target":["https:\/\/www.slt.vr.it\/de\/fachleute\/pietro-manni\/"]}]},{"@type":"BreadcrumbList","@id":"https:\/\/www.slt.vr.it\/de\/fachleute\/pietro-manni\/#breadcrumb","itemListElement":[{"@type":"ListItem","position":1,"name":"Home","item":"https:\/\/www.slt.vr.it\/de\/"},{"@type":"ListItem","position":2,"name":"Fachleute","item":"https:\/\/www.slt.vr.it\/de\/fachleute\/"},{"@type":"ListItem","position":3,"name":"Pietro Manni"}]},{"@type":"WebSite","@id":"https:\/\/www.slt.vr.it\/de\/#website","url":"https:\/\/www.slt.vr.it\/de\/","name":"SLT Strategy Legal Tax","description":"","publisher":{"@id":"https:\/\/www.slt.vr.it\/de\/#organization"},"potentialAction":[{"@type":"SearchAction","target":{"@type":"EntryPoint","urlTemplate":"https:\/\/www.slt.vr.it\/de\/?s={search_term_string}"},"query-input":"required name=search_term_string"}],"inLanguage":"de"},{"@type":"Organization","@id":"https:\/\/www.slt.vr.it\/de\/#organization","name":"SLT Strategy Legal Tax","url":"https:\/\/www.slt.vr.it\/de\/","logo":{"@type":"ImageObject","inLanguage":"de","@id":"https:\/\/www.slt.vr.it\/de\/#\/schema\/logo\/image\/","url":"https:\/\/www.slt.vr.it\/wp-content\/uploads\/2015\/10\/SLT-Strategy-Legal-Tax.jpg","contentUrl":"https:\/\/www.slt.vr.it\/wp-content\/uploads\/2015\/10\/SLT-Strategy-Legal-Tax.jpg","width":372,"height":336,"caption":"SLT Strategy Legal Tax"},"image":{"@id":"https:\/\/www.slt.vr.it\/de\/#\/schema\/logo\/image\/"}}]}},"_links":{"self":[{"href":"https:\/\/www.slt.vr.it\/de\/wp-json\/wp\/v2\/pages\/884228"}],"collection":[{"href":"https:\/\/www.slt.vr.it\/de\/wp-json\/wp\/v2\/pages"}],"about":[{"href":"https:\/\/www.slt.vr.it\/de\/wp-json\/wp\/v2\/types\/page"}],"author":[{"embeddable":true,"href":"https:\/\/www.slt.vr.it\/de\/wp-json\/wp\/v2\/users\/54"}],"replies":[{"embeddable":true,"href":"https:\/\/www.slt.vr.it\/de\/wp-json\/wp\/v2\/comments?post=884228"}],"version-history":[{"count":5,"href":"https:\/\/www.slt.vr.it\/de\/wp-json\/wp\/v2\/pages\/884228\/revisions"}],"predecessor-version":[{"id":884812,"href":"https:\/\/www.slt.vr.it\/de\/wp-json\/wp\/v2\/pages\/884228\/revisions\/884812"}],"up":[{"embeddable":true,"href":"https:\/\/www.slt.vr.it\/de\/wp-json\/wp\/v2\/pages\/862131"}],"wp:attachment":[{"href":"https:\/\/www.slt.vr.it\/de\/wp-json\/wp\/v2\/media?parent=884228"}],"curies":[{"name":"wp","href":"https:\/\/api.w.org\/{rel}","templated":true}]}}

<div  class='flex_column av-66enmarm-d389af27c24895568b4ca095067eb3ff av_one_half  avia-builder-el-0  el_before_av_one_half  avia-builder-el-first  first flex_column_div  '     ><style type="text/css" data-created_by="avia_inline_auto" id="style-css-av-kp112ngr-906b776930ef224872ee1ce89be3d520">
.avia-image-container.av-kp112ngr-906b776930ef224872ee1ce89be3d520 img.avia_image{
box-shadow:none;
}
.avia-image-container.av-kp112ngr-906b776930ef224872ee1ce89be3d520 .av-image-caption-overlay-center{
color:#ffffff;
}
</style>
<div  class='avia-image-container av-kp112ngr-906b776930ef224872ee1ce89be3d520 av-styling- avia-align-center  avia-builder-el-1  avia-builder-el-no-sibling '   itemprop="image" itemscope="itemscope" itemtype="https://schema.org/ImageObject" ><div class="avia-image-container-inner"><div class="avia-image-overlay-wrap"><img decoding="async" fetchpriority="high" class='wp-image-884210 avia-img-lazy-loading-not-884210 avia_image ' src="https://www.slt.vr.it/wp-content/uploads/2024/12/Pietro-Manni.jpg" alt='Pietro Manni' title='Pietro Manni'  height="1500" width="1000"  itemprop="thumbnailUrl" srcset="https://www.slt.vr.it/wp-content/uploads/2024/12/Pietro-Manni.jpg 1000w, https://www.slt.vr.it/wp-content/uploads/2024/12/Pietro-Manni-200x300.jpg 200w, https://www.slt.vr.it/wp-content/uploads/2024/12/Pietro-Manni-687x1030.jpg 687w, https://www.slt.vr.it/wp-content/uploads/2024/12/Pietro-Manni-768x1152.jpg 768w, https://www.slt.vr.it/wp-content/uploads/2024/12/Pietro-Manni-470x705.jpg 470w" sizes="(max-width: 1000px) 100vw, 1000px" /></div></div></div></div>
<div  class='flex_column av-5joigigy-53720a8da8cd3bc5e4e995a412567cda av_one_half  avia-builder-el-2  el_after_av_one_half  avia-builder-el-last  flex_column_div  '     ><p>
<style type="text/css" data-created_by="avia_inline_auto" id="style-css-av-h6pgx4y-ea4151fb7d60429124b6e99e5ccb541a">
#top .av-special-heading.av-h6pgx4y-ea4151fb7d60429124b6e99e5ccb541a{
padding-bottom:10px;
}
body .av-special-heading.av-h6pgx4y-ea4151fb7d60429124b6e99e5ccb541a .av-special-heading-tag .heading-char{
font-size:25px;
}
.av-special-heading.av-h6pgx4y-ea4151fb7d60429124b6e99e5ccb541a .av-subheading{
font-size:10px;
}
</style>
<div  class='av-special-heading av-h6pgx4y-ea4151fb7d60429124b6e99e5ccb541a av-special-heading-h3 meta-heading blockquote modern-quote  avia-builder-el-3  el_before_av_textblock  avia-builder-el-first  av-linked-heading'><h3 class='av-special-heading-tag'  itemprop="headline"  >Pietro Manni</h3><div class='av-subheading av-subheading_below'><p>Corporate Manager</p>
</div><div class="special-heading-border"><div class="special-heading-inner-border"></div></div></div><br />
<section  class='av_textblock_section av-5clglj42-711430c97df5cc584a6eb708792be883 '   itemscope="itemscope" itemtype="https://schema.org/CreativeWork" ><div class='avia_textblock'  itemprop="text" ><p>Absolvent der Wirtschaftswissenschaften, Pietro Manni hat umfassende nationale und internationale Erfahrung in der Unternehmensreorganisation und Effizienzsteigerung sowie in Innovation und Digitalisierung gesammelt.</p>
<p>Nach einer langjährigen Tätigkeit bei einer führenden Beratungsgesellschaft bietet er in den letzten Jahren seine Expertise als Management- und Unternehmensberater an, um Unternehmen bei ihrem Wachstums-, Sanierungs- und Neustartsprozess zu unterstützen und zu beschleunigen.</p>
<p>Er hat zudem Erfahrung in der Entwicklung von Nachhaltigkeitspolitiken und -berichterstattung gesammelt und ist Mitglied des ESG-Teams von SLT, das von Ingenieur Michele Ceradini koordiniert wird.</p>
<h4></h4>
</div></section></p></div>

<!-- This site is optimized with the Yoast SEO plugin v22.3 - https://yoast.com/wordpress/plugins/seo/ -->
<title>Pietro Manni - SLT Strategy Legal Tax</title>
<meta name="description" content="Pietro Manni spezialisiert sich auf Nachhaltigkeitsberichterstattung und ist Mitglied des ESG-Teams von SLT." />
<meta name="robots" content="index, follow, max-snippet:-1, max-image-preview:large, max-video-preview:-1" />
<link rel="canonical" href="https://www.slt.vr.it/de/fachleute/pietro-manni/" />
<meta property="og:locale" content="de_DE" />
<meta property="og:type" content="article" />
<meta property="og:title" content="Pietro Manni - SLT Strategy Legal Tax" />
<meta property="og:description" content="Pietro Manni spezialisiert sich auf Nachhaltigkeitsberichterstattung und ist Mitglied des ESG-Teams von SLT." />
<meta property="og:url" content="https://www.slt.vr.it/de/fachleute/pietro-manni/" />
<meta property="og:site_name" content="SLT Strategy Legal Tax" />
<meta property="article:modified_time" content="2026-02-06T15:31:17+00:00" />
<meta name="twitter:card" content="summary_large_image" />
<meta name="twitter:label1" content="Geschätzte Lesezeit" />
	<meta name="twitter:data1" content="1 Minute" />
<script type="application/ld+json" class="yoast-schema-graph">{"@context":"https://schema.org","@graph":[{"@type":"WebPage","@id":"https://www.slt.vr.it/de/fachleute/pietro-manni/","url":"https://www.slt.vr.it/de/fachleute/pietro-manni/","name":"Pietro Manni - SLT Strategy Legal Tax","isPartOf":{"@id":"https://www.slt.vr.it/de/#website"},"datePublished":"2024-12-09T18:48:20+00:00","dateModified":"2026-02-06T15:31:17+00:00","description":"Pietro Manni spezialisiert sich auf Nachhaltigkeitsberichterstattung und ist Mitglied des ESG-Teams von SLT.","breadcrumb":{"@id":"https://www.slt.vr.it/de/fachleute/pietro-manni/#breadcrumb"},"inLanguage":"de","potentialAction":[{"@type":"ReadAction","target":["https://www.slt.vr.it/de/fachleute/pietro-manni/"]}]},{"@type":"BreadcrumbList","@id":"https://www.slt.vr.it/de/fachleute/pietro-manni/#breadcrumb","itemListElement":[{"@type":"ListItem","position":1,"name":"Home","item":"https://www.slt.vr.it/de/"},{"@type":"ListItem","position":2,"name":"Fachleute","item":"https://www.slt.vr.it/de/fachleute/"},{"@type":"ListItem","position":3,"name":"Pietro Manni"}]},{"@type":"WebSite","@id":"https://www.slt.vr.it/de/#website","url":"https://www.slt.vr.it/de/","name":"SLT Strategy Legal Tax","description":"","publisher":{"@id":"https://www.slt.vr.it/de/#organization"},"potentialAction":[{"@type":"SearchAction","target":{"@type":"EntryPoint","urlTemplate":"https://www.slt.vr.it/de/?s={search_term_string}"},"query-input":"required name=search_term_string"}],"inLanguage":"de"},{"@type":"Organization","@id":"https://www.slt.vr.it/de/#organization","name":"SLT Strategy Legal Tax","url":"https://www.slt.vr.it/de/","logo":{"@type":"ImageObject","inLanguage":"de","@id":"https://www.slt.vr.it/de/#/schema/logo/image/","url":"https://www.slt.vr.it/wp-content/uploads/2015/10/SLT-Strategy-Legal-Tax.jpg","contentUrl":"https://www.slt.vr.it/wp-content/uploads/2015/10/SLT-Strategy-Legal-Tax.jpg","width":372,"height":336,"caption":"SLT Strategy Legal Tax"},"image":{"@id":"https://www.slt.vr.it/de/#/schema/logo/image/"}}]}</script>
<!-- / Yoast SEO plugin. -->
