{"id":877478,"date":"2021-05-24T11:12:24","date_gmt":"2021-05-24T09:12:24","guid":{"rendered":"https:\/\/www.slt.vr.it\/?page_id=877478"},"modified":"2025-09-15T15:56:32","modified_gmt":"2025-09-15T13:56:32","slug":"matteo-zanotelli","status":"publish","type":"page","link":"https:\/\/www.slt.vr.it\/de\/fachleute\/matteo-zanotelli\/","title":{"rendered":"Matteo Zanotelli"},"content":{"rendered":"<div  class='flex_column av-66enmarm-d389af27c24895568b4ca095067eb3ff av_one_half  avia-builder-el-0  el_before_av_one_half  avia-builder-el-first  first flex_column_div  '     ><style type=\"text\/css\" data-created_by=\"avia_inline_auto\" id=\"style-css-av-kp112ngr-89323beb112c2b23317913c219726b85\">\n.avia-image-container.av-kp112ngr-89323beb112c2b23317913c219726b85 img.avia_image{\nbox-shadow:none;\n}\n.avia-image-container.av-kp112ngr-89323beb112c2b23317913c219726b85 .av-image-caption-overlay-center{\ncolor:#ffffff;\n}\n<\/style>\n<div  class='avia-image-container av-kp112ngr-89323beb112c2b23317913c219726b85 av-styling- avia-align-center  avia-builder-el-1  avia-builder-el-no-sibling '   itemprop=\"image\" itemscope=\"itemscope\" itemtype=\"https:\/\/schema.org\/ImageObject\" ><div class=\"avia-image-container-inner\"><div class=\"avia-image-overlay-wrap\"><img decoding=\"async\" fetchpriority=\"high\" class='wp-image-884666 avia-img-lazy-loading-not-884666 avia_image ' src=\"https:\/\/www.slt.vr.it\/wp-content\/uploads\/2025\/09\/matteo-zanotelli.jpg\" alt='Matteo Zanotelli' title='matteo-zanotelli'  height=\"1500\" width=\"1000\"  itemprop=\"thumbnailUrl\" srcset=\"https:\/\/www.slt.vr.it\/wp-content\/uploads\/2025\/09\/matteo-zanotelli.jpg 1000w, https:\/\/www.slt.vr.it\/wp-content\/uploads\/2025\/09\/matteo-zanotelli-200x300.jpg 200w, https:\/\/www.slt.vr.it\/wp-content\/uploads\/2025\/09\/matteo-zanotelli-687x1030.jpg 687w, https:\/\/www.slt.vr.it\/wp-content\/uploads\/2025\/09\/matteo-zanotelli-768x1152.jpg 768w, https:\/\/www.slt.vr.it\/wp-content\/uploads\/2025\/09\/matteo-zanotelli-470x705.jpg 470w\" sizes=\"(max-width: 1000px) 100vw, 1000px\" \/><\/div><\/div><\/div><\/div><div  class='flex_column av-5joigigy-53720a8da8cd3bc5e4e995a412567cda av_one_half  avia-builder-el-2  el_after_av_one_half  avia-builder-el-last  flex_column_div  '     ><p>\n<style type=\"text\/css\" data-created_by=\"avia_inline_auto\" id=\"style-css-av-av_heading-65ad643283a18d98dad7cd781510588d\">\n#top .av-special-heading.av-av_heading-65ad643283a18d98dad7cd781510588d{\npadding-bottom:10px;\n}\nbody .av-special-heading.av-av_heading-65ad643283a18d98dad7cd781510588d .av-special-heading-tag .heading-char{\nfont-size:25px;\n}\n.av-special-heading.av-av_heading-65ad643283a18d98dad7cd781510588d .av-subheading{\nfont-size:10px;\n}\n<\/style>\n<div  class='av-special-heading av-av_heading-65ad643283a18d98dad7cd781510588d av-special-heading-h3 meta-heading blockquote modern-quote  avia-builder-el-3  el_before_av_textblock  avia-builder-el-first '><h3 class='av-special-heading-tag'  itemprop=\"headline\"  >Matteo Zanotelli<\/h3><div class='av-subheading av-subheading_below'><p>Juristischer Beruf<\/p>\n<\/div><div class=\"special-heading-border\"><div class=\"special-heading-inner-border\"><\/div><\/div><\/div><br \/>\n<section  class='av_textblock_section av-5clglj42-e6f7aec099a3d06fd44455ba6d335ae8 '   itemscope=\"itemscope\" itemtype=\"https:\/\/schema.org\/CreativeWork\" ><div class='avia_textblock'  itemprop=\"text\" ><p>Fachgebiete M&amp;A, Unterst\u00fctzung bei der Globalisierung des Gesch\u00e4fts &#8211; spezialisierte Unterst\u00fctzung ww mit GGI, Handels- und Gesellschaftsrecht, Vertr\u00e4ge, Bank- und Versicherungsrecht<\/p>\n<p>Rechtsanwalt, eingeschrieben in der Berufsgenossenschaft von Verona. Die berufliche T\u00e4tigkeit konzentriert sich vor allem auf die Betreuung von Unternehmen, Insolvenzverfahren und anderen Wirtschaftsteilnehmern im Bereich des internationalen Handelsrechts und Bankrechts.<\/p>\n<p>Einen gro\u00dfen Raum nehmen in diesen Bereichen die internationale Vertragsberatung, die Umstrukturierung und Internationalisierung von Unternehmen, typische internationale Rechtsstreitigkeiten (auch vor ausl\u00e4ndischen Gerichten oder Schiedsgerichten), Vertrags- und Bankrechtsstreitigkeiten ein.<\/p>\n<p>Er ver\u00f6ffentlicht Artikel in verschiedenen Fachzeitschriften und ist Referent bei wissenschaftlichen und popul\u00e4ren Veranstaltungen.<\/p>\n<h4><\/h4>\n<\/div><\/section><br \/>\n\n<style type=\"text\/css\" data-created_by=\"avia_inline_auto\" id=\"style-css-av-krave8un-fe2e28f88c39067b5e9c263e15307698\">\n#top .av-special-heading.av-krave8un-fe2e28f88c39067b5e9c263e15307698{\npadding-bottom:15px;\n}\nbody .av-special-heading.av-krave8un-fe2e28f88c39067b5e9c263e15307698 .av-special-heading-tag .heading-char{\nfont-size:25px;\n}\n.av-special-heading.av-krave8un-fe2e28f88c39067b5e9c263e15307698 .av-subheading{\nfont-size:10px;\n}\n<\/style>\n<div  class='av-special-heading av-krave8un-fe2e28f88c39067b5e9c263e15307698 av-special-heading-h3 meta-heading  avia-builder-el-5  el_after_av_textblock  el_before_av_button '><h3 class='av-special-heading-tag'  itemprop=\"headline\"  >Hauptsitz<\/h3><div class=\"special-heading-border\"><div class=\"special-heading-inner-border\"><\/div><\/div><\/div><br \/>\n<div  class='avia-button-wrap av-kraveuix-5934e508f3e9ef31fd93f0351d09200c-wrap avia-button-left  avia-builder-el-6  el_after_av_heading  el_before_av_button '><a href=''  class='avia-button av-kraveuix-5934e508f3e9ef31fd93f0351d09200c avia-icon_select-yes-left-icon avia-size-small avia-position-left avia-color-theme-color'  ><span class='avia_button_icon avia_button_icon_left' aria-hidden='true' data-av_icon='\ue8bb' data-av_iconfont='entypo-fontello'><\/span><span class='avia_iconbox_title' >Verona<\/span><\/a><\/div><br \/>\n<div  class='avia-button-wrap av-kraveuix-3c94fc09098a04830fe46641f4656abb-wrap avia-button-left  avia-builder-el-7  el_after_av_button  avia-builder-el-last '><a href=''  class='avia-button av-kraveuix-3c94fc09098a04830fe46641f4656abb avia-icon_select-yes-left-icon avia-size-small avia-position-left avia-color-theme-color'  ><span class='avia_button_icon avia_button_icon_left' aria-hidden='true' data-av_icon='\ue8bb' data-av_iconfont='entypo-fontello'><\/span><span class='avia_iconbox_title' >Mailand<\/span><\/a><\/div><\/p><\/div><\/p>\n","protected":false},"excerpt":{"rendered":"","protected":false},"author":54,"featured_media":0,"parent":862131,"menu_order":0,"comment_status":"open","ping_status":"closed","template":"","meta":{"footnotes":"","iawp_total_views":14},"yoast_head":"<!-- This site is optimized with the Yoast SEO plugin v22.3 - https:\/\/yoast.com\/wordpress\/plugins\/seo\/ -->\n<title>Matteo Zanotelli - SLT Strategy Legal Tax<\/title>\n<meta name=\"robots\" content=\"index, follow, max-snippet:-1, max-image-preview:large, max-video-preview:-1\" \/>\n<link rel=\"canonical\" href=\"https:\/\/www.slt.vr.it\/de\/fachleute\/matteo-zanotelli\/\" \/>\n<meta property=\"og:locale\" content=\"de_DE\" \/>\n<meta property=\"og:type\" content=\"article\" \/>\n<meta property=\"og:title\" content=\"Matteo Zanotelli - SLT Strategy Legal Tax\" \/>\n<meta property=\"og:url\" content=\"https:\/\/www.slt.vr.it\/de\/fachleute\/matteo-zanotelli\/\" \/>\n<meta property=\"og:site_name\" content=\"SLT Strategy Legal Tax\" \/>\n<meta property=\"article:modified_time\" content=\"2025-09-15T13:56:32+00:00\" \/>\n<meta name=\"twitter:card\" content=\"summary_large_image\" \/>\n<meta name=\"twitter:label1\" content=\"Gesch\u00e4tzte Lesezeit\" \/>\n\t<meta name=\"twitter:data1\" content=\"1\u00a0Minute\" \/>\n<script type=\"application\/ld+json\" class=\"yoast-schema-graph\">{\"@context\":\"https:\/\/schema.org\",\"@graph\":[{\"@type\":\"WebPage\",\"@id\":\"https:\/\/www.slt.vr.it\/de\/fachleute\/matteo-zanotelli\/\",\"url\":\"https:\/\/www.slt.vr.it\/de\/fachleute\/matteo-zanotelli\/\",\"name\":\"Matteo Zanotelli - SLT Strategy Legal Tax\",\"isPartOf\":{\"@id\":\"https:\/\/www.slt.vr.it\/de\/#website\"},\"datePublished\":\"2021-05-24T09:12:24+00:00\",\"dateModified\":\"2025-09-15T13:56:32+00:00\",\"breadcrumb\":{\"@id\":\"https:\/\/www.slt.vr.it\/de\/fachleute\/matteo-zanotelli\/#breadcrumb\"},\"inLanguage\":\"de\",\"potentialAction\":[{\"@type\":\"ReadAction\",\"target\":[\"https:\/\/www.slt.vr.it\/de\/fachleute\/matteo-zanotelli\/\"]}]},{\"@type\":\"BreadcrumbList\",\"@id\":\"https:\/\/www.slt.vr.it\/de\/fachleute\/matteo-zanotelli\/#breadcrumb\",\"itemListElement\":[{\"@type\":\"ListItem\",\"position\":1,\"name\":\"Home\",\"item\":\"https:\/\/www.slt.vr.it\/de\/\"},{\"@type\":\"ListItem\",\"position\":2,\"name\":\"Fachleute\",\"item\":\"https:\/\/www.slt.vr.it\/de\/fachleute\/\"},{\"@type\":\"ListItem\",\"position\":3,\"name\":\"Matteo Zanotelli\"}]},{\"@type\":\"WebSite\",\"@id\":\"https:\/\/www.slt.vr.it\/de\/#website\",\"url\":\"https:\/\/www.slt.vr.it\/de\/\",\"name\":\"SLT Strategy Legal Tax\",\"description\":\"\",\"publisher\":{\"@id\":\"https:\/\/www.slt.vr.it\/de\/#organization\"},\"potentialAction\":[{\"@type\":\"SearchAction\",\"target\":{\"@type\":\"EntryPoint\",\"urlTemplate\":\"https:\/\/www.slt.vr.it\/de\/?s={search_term_string}\"},\"query-input\":\"required name=search_term_string\"}],\"inLanguage\":\"de\"},{\"@type\":\"Organization\",\"@id\":\"https:\/\/www.slt.vr.it\/de\/#organization\",\"name\":\"SLT Strategy Legal Tax\",\"url\":\"https:\/\/www.slt.vr.it\/de\/\",\"logo\":{\"@type\":\"ImageObject\",\"inLanguage\":\"de\",\"@id\":\"https:\/\/www.slt.vr.it\/de\/#\/schema\/logo\/image\/\",\"url\":\"https:\/\/www.slt.vr.it\/wp-content\/uploads\/2015\/10\/SLT-Strategy-Legal-Tax.jpg\",\"contentUrl\":\"https:\/\/www.slt.vr.it\/wp-content\/uploads\/2015\/10\/SLT-Strategy-Legal-Tax.jpg\",\"width\":372,\"height\":336,\"caption\":\"SLT Strategy Legal Tax\"},\"image\":{\"@id\":\"https:\/\/www.slt.vr.it\/de\/#\/schema\/logo\/image\/\"}}]}<\/script>\n<!-- \/ Yoast SEO plugin. -->","yoast_head_json":{"title":"Matteo Zanotelli - SLT Strategy Legal Tax","robots":{"index":"index","follow":"follow","max-snippet":"max-snippet:-1","max-image-preview":"max-image-preview:large","max-video-preview":"max-video-preview:-1"},"canonical":"https:\/\/www.slt.vr.it\/de\/fachleute\/matteo-zanotelli\/","og_locale":"de_DE","og_type":"article","og_title":"Matteo Zanotelli - SLT Strategy Legal Tax","og_url":"https:\/\/www.slt.vr.it\/de\/fachleute\/matteo-zanotelli\/","og_site_name":"SLT Strategy Legal Tax","article_modified_time":"2025-09-15T13:56:32+00:00","twitter_card":"summary_large_image","twitter_misc":{"Gesch\u00e4tzte Lesezeit":"1\u00a0Minute"},"schema":{"@context":"https:\/\/schema.org","@graph":[{"@type":"WebPage","@id":"https:\/\/www.slt.vr.it\/de\/fachleute\/matteo-zanotelli\/","url":"https:\/\/www.slt.vr.it\/de\/fachleute\/matteo-zanotelli\/","name":"Matteo Zanotelli - SLT Strategy Legal Tax","isPartOf":{"@id":"https:\/\/www.slt.vr.it\/de\/#website"},"datePublished":"2021-05-24T09:12:24+00:00","dateModified":"2025-09-15T13:56:32+00:00","breadcrumb":{"@id":"https:\/\/www.slt.vr.it\/de\/fachleute\/matteo-zanotelli\/#breadcrumb"},"inLanguage":"de","potentialAction":[{"@type":"ReadAction","target":["https:\/\/www.slt.vr.it\/de\/fachleute\/matteo-zanotelli\/"]}]},{"@type":"BreadcrumbList","@id":"https:\/\/www.slt.vr.it\/de\/fachleute\/matteo-zanotelli\/#breadcrumb","itemListElement":[{"@type":"ListItem","position":1,"name":"Home","item":"https:\/\/www.slt.vr.it\/de\/"},{"@type":"ListItem","position":2,"name":"Fachleute","item":"https:\/\/www.slt.vr.it\/de\/fachleute\/"},{"@type":"ListItem","position":3,"name":"Matteo Zanotelli"}]},{"@type":"WebSite","@id":"https:\/\/www.slt.vr.it\/de\/#website","url":"https:\/\/www.slt.vr.it\/de\/","name":"SLT Strategy Legal Tax","description":"","publisher":{"@id":"https:\/\/www.slt.vr.it\/de\/#organization"},"potentialAction":[{"@type":"SearchAction","target":{"@type":"EntryPoint","urlTemplate":"https:\/\/www.slt.vr.it\/de\/?s={search_term_string}"},"query-input":"required name=search_term_string"}],"inLanguage":"de"},{"@type":"Organization","@id":"https:\/\/www.slt.vr.it\/de\/#organization","name":"SLT Strategy Legal Tax","url":"https:\/\/www.slt.vr.it\/de\/","logo":{"@type":"ImageObject","inLanguage":"de","@id":"https:\/\/www.slt.vr.it\/de\/#\/schema\/logo\/image\/","url":"https:\/\/www.slt.vr.it\/wp-content\/uploads\/2015\/10\/SLT-Strategy-Legal-Tax.jpg","contentUrl":"https:\/\/www.slt.vr.it\/wp-content\/uploads\/2015\/10\/SLT-Strategy-Legal-Tax.jpg","width":372,"height":336,"caption":"SLT Strategy Legal Tax"},"image":{"@id":"https:\/\/www.slt.vr.it\/de\/#\/schema\/logo\/image\/"}}]}},"_links":{"self":[{"href":"https:\/\/www.slt.vr.it\/de\/wp-json\/wp\/v2\/pages\/877478"}],"collection":[{"href":"https:\/\/www.slt.vr.it\/de\/wp-json\/wp\/v2\/pages"}],"about":[{"href":"https:\/\/www.slt.vr.it\/de\/wp-json\/wp\/v2\/types\/page"}],"author":[{"embeddable":true,"href":"https:\/\/www.slt.vr.it\/de\/wp-json\/wp\/v2\/users\/54"}],"replies":[{"embeddable":true,"href":"https:\/\/www.slt.vr.it\/de\/wp-json\/wp\/v2\/comments?post=877478"}],"version-history":[{"count":5,"href":"https:\/\/www.slt.vr.it\/de\/wp-json\/wp\/v2\/pages\/877478\/revisions"}],"predecessor-version":[{"id":884670,"href":"https:\/\/www.slt.vr.it\/de\/wp-json\/wp\/v2\/pages\/877478\/revisions\/884670"}],"up":[{"embeddable":true,"href":"https:\/\/www.slt.vr.it\/de\/wp-json\/wp\/v2\/pages\/862131"}],"wp:attachment":[{"href":"https:\/\/www.slt.vr.it\/de\/wp-json\/wp\/v2\/media?parent=877478"}],"curies":[{"name":"wp","href":"https:\/\/api.w.org\/{rel}","templated":true}]}}

<div  class='flex_column av-66enmarm-d389af27c24895568b4ca095067eb3ff av_one_half  avia-builder-el-0  el_before_av_one_half  avia-builder-el-first  first flex_column_div  '     ><style type="text/css" data-created_by="avia_inline_auto" id="style-css-av-kp112ngr-89323beb112c2b23317913c219726b85">
.avia-image-container.av-kp112ngr-89323beb112c2b23317913c219726b85 img.avia_image{
box-shadow:none;
}
.avia-image-container.av-kp112ngr-89323beb112c2b23317913c219726b85 .av-image-caption-overlay-center{
color:#ffffff;
}
</style>
<div  class='avia-image-container av-kp112ngr-89323beb112c2b23317913c219726b85 av-styling- avia-align-center  avia-builder-el-1  avia-builder-el-no-sibling '   itemprop="image" itemscope="itemscope" itemtype="https://schema.org/ImageObject" ><div class="avia-image-container-inner"><div class="avia-image-overlay-wrap"><img decoding="async" fetchpriority="high" class='wp-image-884666 avia-img-lazy-loading-not-884666 avia_image ' src="https://www.slt.vr.it/wp-content/uploads/2025/09/matteo-zanotelli.jpg" alt='Matteo Zanotelli' title='matteo-zanotelli'  height="1500" width="1000"  itemprop="thumbnailUrl" srcset="https://www.slt.vr.it/wp-content/uploads/2025/09/matteo-zanotelli.jpg 1000w, https://www.slt.vr.it/wp-content/uploads/2025/09/matteo-zanotelli-200x300.jpg 200w, https://www.slt.vr.it/wp-content/uploads/2025/09/matteo-zanotelli-687x1030.jpg 687w, https://www.slt.vr.it/wp-content/uploads/2025/09/matteo-zanotelli-768x1152.jpg 768w, https://www.slt.vr.it/wp-content/uploads/2025/09/matteo-zanotelli-470x705.jpg 470w" sizes="(max-width: 1000px) 100vw, 1000px" /></div></div></div></div><div  class='flex_column av-5joigigy-53720a8da8cd3bc5e4e995a412567cda av_one_half  avia-builder-el-2  el_after_av_one_half  avia-builder-el-last  flex_column_div  '     ><p>
<style type="text/css" data-created_by="avia_inline_auto" id="style-css-av-av_heading-65ad643283a18d98dad7cd781510588d">
#top .av-special-heading.av-av_heading-65ad643283a18d98dad7cd781510588d{
padding-bottom:10px;
}
body .av-special-heading.av-av_heading-65ad643283a18d98dad7cd781510588d .av-special-heading-tag .heading-char{
font-size:25px;
}
.av-special-heading.av-av_heading-65ad643283a18d98dad7cd781510588d .av-subheading{
font-size:10px;
}
</style>
<div  class='av-special-heading av-av_heading-65ad643283a18d98dad7cd781510588d av-special-heading-h3 meta-heading blockquote modern-quote  avia-builder-el-3  el_before_av_textblock  avia-builder-el-first '><h3 class='av-special-heading-tag'  itemprop="headline"  >Matteo Zanotelli</h3><div class='av-subheading av-subheading_below'><p>Juristischer Beruf</p>
</div><div class="special-heading-border"><div class="special-heading-inner-border"></div></div></div><br />
<section  class='av_textblock_section av-5clglj42-e6f7aec099a3d06fd44455ba6d335ae8 '   itemscope="itemscope" itemtype="https://schema.org/CreativeWork" ><div class='avia_textblock'  itemprop="text" ><p>Fachgebiete M&amp;A, Unterstützung bei der Globalisierung des Geschäfts &#8211; spezialisierte Unterstützung ww mit GGI, Handels- und Gesellschaftsrecht, Verträge, Bank- und Versicherungsrecht</p>
<p>Rechtsanwalt, eingeschrieben in der Berufsgenossenschaft von Verona. Die berufliche Tätigkeit konzentriert sich vor allem auf die Betreuung von Unternehmen, Insolvenzverfahren und anderen Wirtschaftsteilnehmern im Bereich des internationalen Handelsrechts und Bankrechts.</p>
<p>Einen großen Raum nehmen in diesen Bereichen die internationale Vertragsberatung, die Umstrukturierung und Internationalisierung von Unternehmen, typische internationale Rechtsstreitigkeiten (auch vor ausländischen Gerichten oder Schiedsgerichten), Vertrags- und Bankrechtsstreitigkeiten ein.</p>
<p>Er veröffentlicht Artikel in verschiedenen Fachzeitschriften und ist Referent bei wissenschaftlichen und populären Veranstaltungen.</p>
<h4></h4>
</div></section><br />

<style type="text/css" data-created_by="avia_inline_auto" id="style-css-av-krave8un-fe2e28f88c39067b5e9c263e15307698">
#top .av-special-heading.av-krave8un-fe2e28f88c39067b5e9c263e15307698{
padding-bottom:15px;
}
body .av-special-heading.av-krave8un-fe2e28f88c39067b5e9c263e15307698 .av-special-heading-tag .heading-char{
font-size:25px;
}
.av-special-heading.av-krave8un-fe2e28f88c39067b5e9c263e15307698 .av-subheading{
font-size:10px;
}
</style>
<div  class='av-special-heading av-krave8un-fe2e28f88c39067b5e9c263e15307698 av-special-heading-h3 meta-heading  avia-builder-el-5  el_after_av_textblock  el_before_av_button '><h3 class='av-special-heading-tag'  itemprop="headline"  >Hauptsitz</h3><div class="special-heading-border"><div class="special-heading-inner-border"></div></div></div><br />
<div  class='avia-button-wrap av-kraveuix-5934e508f3e9ef31fd93f0351d09200c-wrap avia-button-left  avia-builder-el-6  el_after_av_heading  el_before_av_button '><a href=''  class='avia-button av-kraveuix-5934e508f3e9ef31fd93f0351d09200c avia-icon_select-yes-left-icon avia-size-small avia-position-left avia-color-theme-color'  ><span class='avia_button_icon avia_button_icon_left' aria-hidden='true' data-av_icon='' data-av_iconfont='entypo-fontello'></span><span class='avia_iconbox_title' >Verona</span></a></div><br />
<div  class='avia-button-wrap av-kraveuix-3c94fc09098a04830fe46641f4656abb-wrap avia-button-left  avia-builder-el-7  el_after_av_button  avia-builder-el-last '><a href=''  class='avia-button av-kraveuix-3c94fc09098a04830fe46641f4656abb avia-icon_select-yes-left-icon avia-size-small avia-position-left avia-color-theme-color'  ><span class='avia_button_icon avia_button_icon_left' aria-hidden='true' data-av_icon='' data-av_iconfont='entypo-fontello'></span><span class='avia_iconbox_title' >Mailand</span></a></div></p></div></p>

<!-- This site is optimized with the Yoast SEO plugin v22.3 - https://yoast.com/wordpress/plugins/seo/ -->
<title>Matteo Zanotelli - SLT Strategy Legal Tax</title>
<meta name="robots" content="index, follow, max-snippet:-1, max-image-preview:large, max-video-preview:-1" />
<link rel="canonical" href="https://www.slt.vr.it/de/fachleute/matteo-zanotelli/" />
<meta property="og:locale" content="de_DE" />
<meta property="og:type" content="article" />
<meta property="og:title" content="Matteo Zanotelli - SLT Strategy Legal Tax" />
<meta property="og:url" content="https://www.slt.vr.it/de/fachleute/matteo-zanotelli/" />
<meta property="og:site_name" content="SLT Strategy Legal Tax" />
<meta property="article:modified_time" content="2025-09-15T13:56:32+00:00" />
<meta name="twitter:card" content="summary_large_image" />
<meta name="twitter:label1" content="Geschätzte Lesezeit" />
	<meta name="twitter:data1" content="1 Minute" />
<script type="application/ld+json" class="yoast-schema-graph">{"@context":"https://schema.org","@graph":[{"@type":"WebPage","@id":"https://www.slt.vr.it/de/fachleute/matteo-zanotelli/","url":"https://www.slt.vr.it/de/fachleute/matteo-zanotelli/","name":"Matteo Zanotelli - SLT Strategy Legal Tax","isPartOf":{"@id":"https://www.slt.vr.it/de/#website"},"datePublished":"2021-05-24T09:12:24+00:00","dateModified":"2025-09-15T13:56:32+00:00","breadcrumb":{"@id":"https://www.slt.vr.it/de/fachleute/matteo-zanotelli/#breadcrumb"},"inLanguage":"de","potentialAction":[{"@type":"ReadAction","target":["https://www.slt.vr.it/de/fachleute/matteo-zanotelli/"]}]},{"@type":"BreadcrumbList","@id":"https://www.slt.vr.it/de/fachleute/matteo-zanotelli/#breadcrumb","itemListElement":[{"@type":"ListItem","position":1,"name":"Home","item":"https://www.slt.vr.it/de/"},{"@type":"ListItem","position":2,"name":"Fachleute","item":"https://www.slt.vr.it/de/fachleute/"},{"@type":"ListItem","position":3,"name":"Matteo Zanotelli"}]},{"@type":"WebSite","@id":"https://www.slt.vr.it/de/#website","url":"https://www.slt.vr.it/de/","name":"SLT Strategy Legal Tax","description":"","publisher":{"@id":"https://www.slt.vr.it/de/#organization"},"potentialAction":[{"@type":"SearchAction","target":{"@type":"EntryPoint","urlTemplate":"https://www.slt.vr.it/de/?s={search_term_string}"},"query-input":"required name=search_term_string"}],"inLanguage":"de"},{"@type":"Organization","@id":"https://www.slt.vr.it/de/#organization","name":"SLT Strategy Legal Tax","url":"https://www.slt.vr.it/de/","logo":{"@type":"ImageObject","inLanguage":"de","@id":"https://www.slt.vr.it/de/#/schema/logo/image/","url":"https://www.slt.vr.it/wp-content/uploads/2015/10/SLT-Strategy-Legal-Tax.jpg","contentUrl":"https://www.slt.vr.it/wp-content/uploads/2015/10/SLT-Strategy-Legal-Tax.jpg","width":372,"height":336,"caption":"SLT Strategy Legal Tax"},"image":{"@id":"https://www.slt.vr.it/de/#/schema/logo/image/"}}]}</script>
<!-- / Yoast SEO plugin. -->
